d. Let q be v(-3). Calculate the greatest common divisor of q and i.
3
Let q(k) = -k**3 - 2*k**2 - 3*k - 2. Let o be q(-1). Suppose 0 = -2*y - 3*t + 176, y + y + 4*t - 176 = o. What is the greatest common factor of 11 and y?
11
Let p(d) = -26*d + 5. Let y be p(-6). Let j be (3 - 5)*-7*(-7)/2. Let g = j + y. What is the greatest common factor of g and 14?
14
Let h(y) = -287*y - 61. Let z be h(-2). Calculate the highest common divisor of z and 57.
57
Let p(y) = 14*y**3 - 2*y**2 + y. Let b be p(1). Let w = -28140 + 28179. What is the highest common divisor of b and w?
13
Let o = 61 - 53. Suppose -3*f = -2*v + v + 40, 3*v - 5*f = 120. What is the greatest common divisor of v and o?
8
Suppose u + 5*r - 14 = 8, -u + 1 = -2*r. Let z(p) = p**3 - 8*p**2 + 13*p - 12. Let i be z(u). What is the highest common factor of 15 and i?
15
Let w = 263 + -165. What is the greatest common divisor of 28 and w?
14
Let v = -255 + 285. What is the highest common divisor of 270 and v?
30
Suppose 0 = -4*v + 3 + 17. Suppose 0 = u - 73. Suppose -u = -v*t + 107. Calculate the highest common factor of t and 9.
9
Let y(g) = -g + 15. Let h(k) = 1. Let d = -2 + 3. Let q(s) = d*y(s) - 6*h(s). Let x be q(0). What is the greatest common factor of 6 and x?
3
Let r = 28 - -342. Calculate the highest common factor of r and 74.
74
Suppose -29*d + 805 = 6*d. Calculate the greatest common factor of d and 161.
23
Suppose -23*k = -28*k + 35. Suppose -x - 18 = -2*o + 36, -2*o + 3*x = -50. Calculate the greatest common factor of k and o.
7
Suppose -6*k + 5*k = 3. Let m = 5 + k. Let r = m - -38. Calculate the highest common factor of r and 16.
8
Let s = -4 + 94. Suppose 4*r + 12 + 8 = 0, 4*l + 3*r - 9 = 0. Suppose -2*h = l - s. What is the highest common divisor of 14 and h?
14
Let d be (-1 - 3)/(6 + (-26)/4). Let c(i) = 11*i - 32. Let w be c(d). Calculate the highest common factor of w and 7.
7
Let m(g) = 2*g**2 - 3*g. Let t be m(2). Let z = 1572 - 1571. What is the greatest common divisor of z and t?
1
Suppose 0 = 7*w - w + 96. Let a be 4/(-6)*4/(w/78). Calculate the highest common factor of 26 and a.
13
Let g(z) = -22*z + 576. Let k be g(25). What is the highest common divisor of 819 and k?
13
Let v be (-1720)/602*(-1 + -13). Let h be 2 + (-2)/2*-3. Calculate the greatest common divisor of v and h.
5
Let l(k) = -k**2 - 20*k - 21. Let t be l(-19). Let d be 84/15*(13 - (-6)/t). What is the greatest common divisor of 42 and d?
14
Let n(w) = 2*w**2 + 2*w - 10. Let s be n(-5). Calculate the greatest common divisor of s and 54.
6
Suppose -2*f = -5*y - 90, 4*y - 8*y + 45 = f. Calculate the highest common factor of f and 81.
9
Suppose 5*k - 68 = -2*j, -8*j - 44 = -3*k - 6*j. Calculate the greatest common divisor of k and 119.
7
Let l(a) = -3*a**3 + 16*a**2 - 4*a - 3. Let o be l(5). Calculate the highest common factor of o and 59.
1
Let c(r) = r**3 + 3*r**2 + r. Let v be c(-1). Calculate the greatest common factor of v and 5.
1
Suppose -3*n - 71 = -i, 0*i = 3*i + 2*n - 246. Let o = 4 + -29. Let z = -15 - o. What is the highest common divisor of z and i?
10
Suppose -2*z - 572 + 16 = -5*m, -5*z = -3*m + 326. Suppose -4*s + 6 = -2*o, 0 = 4*s - 3*o - 3. Let i = 13 + s. What is the highest common divisor of m and i?
16
Suppose 4*x - 142 = -134. Suppose -3*o + 3 = -3. Suppose -q + 9 = -o*c - 15, 5*c - 45 = -5*q. What is the greatest common divisor of q and x?
2
Let m(c) = 12*c - 1. Let h be m(3). Suppose 5*j = i, j + 3 - 2 = 0. Let y be i*2/(-10) - -4. What is the greatest common divisor of h and y?
5
Suppose -11*i - 51 + 128 = 0. What is the highest common divisor of i and 539?
7
Suppose -2*m + 4*m + 1954 = 5*t, -2*m = t - 398. What is the greatest common divisor of 14 and t?
14
Suppose -4*z = 4*j - 140, -j = z - 2*z + 35. Suppose 5*b - z = -0*b. What is the greatest common factor of 28 and b?
7
Let w be -88*(42/(-9) - 100/(-60)). What is the greatest common divisor of w and 594?
66
Let j(s) = -18*s + 2. Let v be j(-3). Let f be 12 - ((-1 - 2) + 7). What is the highest common factor of v and f?
8
Suppose 571*f = 581*f - 33300. What is the greatest common factor of 15 and f?
15
Suppose 117*g - 85*g = 2720. What is the highest common factor of g and 35?
5
Suppose -1306 + 223 = -57*g. Calculate the highest common factor of g and 2.
1
Let r be 15*1*(-52)/(-3). What is the highest common factor of r and 20?
20
Suppose -o + 116 = -12*c + 10*c, 0 = -5*o + c + 625. Calculate the greatest common factor of 588 and o.
42
Let u = -75 + 77. Suppose 26 = u*r + r - 2*j, j = -2*r + 29. Suppose l - 6*l = -240. What is the highest common factor of l and r?
12
Let t = 1179 + -2037. Let o be 6/4*t/11. Let z = -77 - o. Calculate the greatest common factor of z and 16.
8
Let q(i) = -15*i**3 - 2*i**2 - 2*i - 1. Let y be q(-1). Let p = 48 + -15. Let s be (-6)/p + 928/22. What is the greatest common factor of y and s?
14
Let w(c) = 8*c + 665. Let u be w(-46). What is the greatest common divisor of 11 and u?
11
Let g = 205 - 203. Calculate the highest common factor of g and 74.
2
Suppose 7*b - n = 4*b + 58, -b - 2*n + 31 = 0. Let t be ((-10)/15)/((-2)/b). What is the greatest common factor of 49 and t?
7
Let l = -51 - -135. Let v = 132 + l. What is the highest common factor of 24 and v?
24
Let f(v) = -5*v**3 - 3*v**2 - 10*v - 40. Let h be f(-3). Calculate the highest common divisor of h and 77.
7
Let p be (1/2)/((-7)/14) - -5. Suppose p*h + 28 = 5*h. What is the greatest common divisor of h and 112?
28
Let p = -97 + 99. Suppose -p*o = -4*g + 40, -3*g - o + 31 - 11 = 0. What is the highest common divisor of 2 and g?
2
Let g = -105 - -206. Let b = -65 + g. Calculate the greatest common divisor of 54 and b.
18
Suppose w = 4*v - 319, 4*v + 4*w - 55 = 289. Let u = 24 - -3. Calculate the highest common divisor of v and u.
27
Let h = 29 - 25. Suppose -h*o + 12 + 8 = 0. Suppose -2*m = -o*v - 59, v = -3*m + 2*m + 26. Calculate the highest common divisor of 54 and m.
27
Suppose -35 = 25*w - 30*w - 5*i, 2*w - i - 17 = 0. Let y(d) = 5*d**2 + 4*d + 3. Let b be y(-3). Calculate the greatest common divisor of b and w.
4
Let h = 143 - 89. What is the greatest common factor of h and 6?
6
Suppose 5*c - 104 = -9. What is the greatest common divisor of c and 76?
19
Let b(r) = 2*r + 10. Let y be b(7). Calculate the highest common factor of y and 6.
6
Let w(u) = -229*u**3 + u**2 - u - 1. Suppose -2*s = r - 7, 3*s = -3*r - 1 + 10. Let a be w(r). Let d = -131 + a. What is the highest common divisor of d and 9?
9
Let s(z) = 5*z**3 - 37*z**2 + 6*z + 13. Let i be s(8). Calculate the greatest common divisor of 77 and i.
11
Suppose -12*o = -8*o - 5292. Suppose -o = -l - 394. Suppose 2*b + l = 5*r, -r + 83 = -5*b - 112. What is the highest common divisor of r and 37?
37
Suppose -5*d + 1285 = -0*d + 2*k, -d + 230 = -5*k. Calculate the highest common divisor of 51 and d.
51
Let t(d) = 12*d + 137. Let i be t(-8). What is the highest common divisor of i and 41?
41
Let q(o) = -84*o - 797. Let s be q(-39). Calculate the highest common divisor of 134 and s.
67
Suppose 0 = -4*c + 3*l - 2*l + 5837, -3*l = -2*c + 2911. What is the greatest common factor of c and 60?
20
Let v = -2295 + 4087. Calculate the greatest common factor of v and 14.
14
Let m = 26 - 8. Suppose 0 = -o - o. Let l(q) = q**2 - q + 45. Let n be l(o). What is the greatest common factor of n and m?
9
Suppose 5 = -5*m + 10. Calculate the highest common divisor of 23 and m.
1
Suppose 0 = -5*r - x - x - 30, -2*r - 18 = 2*x. Let u = -2 - r. Let j = 11 - 10. Calculate the highest common factor of u and j.
1
Let p(n) = n**2 - 23*n + 24. Let f be p(22). Suppose 6*w = w + 4*r + 96, f*r + 40 = 2*w. Calculate the highest common factor of w and 4.
4
Let u = 76 + -69. Suppose u*d = 2*d + 270. What is the greatest common factor of d and 36?
18
Suppose -6*i + 279 - 249 = 0. Calculate the highest common factor of i and 80.
5
Suppose 4*o - 656 = -o - 4*n, 3*o - 3*n = 372. Calculate the greatest common factor of 112 and o.
16
Let d(s) = s**3 - 9*s**2 + 13*s + 6. Let y be d(7). Let u be (-2 + y)/((36/88)/(-3)). Calculate the highest common divisor of 55 and u.
11
Let m be (-2055)/(-11) - (-2)/11. Suppose -3*u + 4*u = -m. Let j be 22/u - (-344)/34. Calculate the highest common factor of j and 90.
10
Suppose 442*s 